e 452 - (-1 + 6 - 1). What is the highest common factor of v and 7?
7
Suppose 0 = 3*a - 4*r - 144, -3*a + 144 = r + r. Let f = a + -6. What is the greatest common factor of f and 12?
6
Suppose -3*s - 2*o = o, 4*o = 5*s - 18. Suppose v + 4*l = 320, -s*v - 2*l + 320 = -v. Calculate the highest common divisor of v and 40.
40
Suppose -3536 = -32*l - 944. Suppose r = 1, 5*r = -4*v + v + 86. Calculate the highest common factor of v and l.
27
Suppose -6*z + 51 + 213 = 0. Suppose -3*f + 745 = -575. What is the greatest common divisor of f and z?
44
Let u = 64 - -6. Calculate the highest common factor of 28 and u.
14
Let f = 9 - 10. Suppose 6 = j - 5. Let y be -3 + j + f - -2. What is the greatest common factor of 72 and y?
9
Let p(b) = -b**2 + 25*b - 54. Let f be p(21). What is the greatest common factor of 20 and f?
10
Let v(d) = 2*d**2 + 16*d - 6. Suppose 3*l = n + 35, 4*n - 8*n + 3 = -l. Let b be v(l). What is the highest common factor of b and 54?
54
Let b(a) = -3*a - 62. Let t be b(-23). Calculate the greatest common divisor of t and 112.
7
Let n = 740 + -737. Let m(c) = c**2 - 2. Let k be m(2). What is the greatest common factor of n and k?
1
Let r = 297 + 162. What is the greatest common divisor of r and 3?
3
Let r(f) be the first derivative of 6 + 1/2*f**2 - 1/4*f**4 - 2*f + 7/3*f**3. Let d be r(7). What is the greatest common factor of 20 and d?
5
Let o be (-6)/(-27)*3*6. Let n be (-57)/2 + 2/o. Let r = 61 + n. What is the greatest common factor of 3 and r?
3
Let s(o) = 3*o - 31. Let q be s(11). Suppose 2*n = -4*f + 162, -q*n - 3*f = -f - 156. What is the highest common factor of 50 and n?
25
Let p = -697 + 747. What is the greatest common factor of p and 20?
10
Suppose -38*h = -52*h + 2184. Calculate the highest common divisor of 104 and h.
52
Let c = 555 + -519. What is the highest common factor of 204 and c?
12
Suppose -105 = 3*o + 4*d - 390, 0 = 3*o + 2*d - 279. Calculate the highest common factor of 104 and o.
13
Suppose l = 104 - 260. Let h = 256 + l. Calculate the highest common divisor of 40 and h.
20
Let w(n) = 545*n - 16. Let o be w(1). Calculate the highest common divisor of o and 23.
23
Let z(b) = -b**2 - 4*b + 1. Let q be z(-3). Let l(p) = 8*p - 10. Let h be l(q). What is the greatest common divisor of 11 and h?
11
Let m(d) = -4*d + 1. Let u be m(-11). Calculate the highest common divisor of 30 and u.
15
Let o = -165 + 207. What is the greatest common factor of o and 112?
14
Let w(d) = d**2 + 3*d + 10. Let r be w(3). What is the greatest common divisor of 12 and r?
4
Suppose 0 = -0*b - 4*b - 60. Let r be b/12*-2*4. What is the highest common divisor of 90 and r?
10
Suppose -5*f + 259 = -2*h - 38, 77 = f + 4*h. What is the highest common divisor of 183 and f?
61
Suppose -o = 3*c - 5, 4*c + o = 7*c + 5. Let p be 19 - -14 - c/1. What is the greatest common factor of 11 and p?
11
Let c be -9*(20/70 - (-446)/(-42)). What is the greatest common factor of 18 and c?
3
Let n = 3681 - 2332. What is the highest common divisor of n and 19?
19
Let q(t) = -2*t**2 + 85*t - 100. Let b be q(41). Calculate the highest common divisor of b and 8.
1
Suppose 5*h + 0*h - q = 355, -3*q = h - 55. Let i = -68 + 72. Suppose -p = -i - 24. Calculate the greatest common divisor of p and h.
14
Let l = 705 + -700. Calculate the greatest common factor of 245 and l.
5
Suppose -41*p = -2715 - 11307. Calculate the greatest common divisor of 38 and p.
38
Let n = -37 - -37. Let f(r) = 2*r + 92. Let p be f(n). What is the highest common factor of p and 230?
46
Let o be (18/8)/(11055/1840 - 6). Calculate the highest common divisor of o and 36.
12
Let g be -3*(0 - 3/9). Let l = g + 1. Let f(h) = 20*h. Let t be f(l). What is the greatest common factor of 60 and t?
20
Let s = -429 - -772. Calculate the highest common divisor of s and 7.
7
Let g(c) = -c - 11. Let z be g(-5). Let s be ((-80)/z)/(5/(-15)). Let q = 0 - s. What is the greatest common divisor of 8 and q?
8
Suppose -45 = 2*b - 5*b. Let d(w) = 6*w**2 - 2*w - 2. Let p be d(-1). Calculate the highest common divisor of b and p.
3
Let r = -376 + 194. Let z = 73 - r. Calculate the highest common divisor of 102 and z.
51
Let u(l) = l**2. Let r be u(-2). Suppose r*o - 136 = -3*a, -a = o + 2*a - 43. Let m = o - 13. What is the greatest common divisor of 45 and m?
9
Suppose 89*z - 7128 = 8*z. Calculate the highest common factor of 88 and z.
88
Let n = 3 + -2. Let l(q) = q**3 + 7*q**2 + 14*q + 24. Let c be l(-5). Calculate the highest common divisor of c and n.
1
Let p = 574 + -430. Calculate the highest common divisor of p and 30.
6
Suppose 0 = -4*w + z + 259, -3*z + 369 = 6*w + 2*z. Calculate the highest common factor of 104 and w.
8
Suppose -2*k + 3720 = 2*z, 5*k - 2964 = -3*z + 2618. Calculate the highest common divisor of z and 11.
11
Let f(v) = v**3 - 4*v**2 + 4*v + 5. Let w be 3/(12/5)*4. Let b be f(w). Let a be 1030/b - 2/(-5). What is the highest common factor of a and 14?
7
Suppose -9081 = -11*y - 1458. What is the highest common divisor of y and 63?
63
Suppose 66 - 76 = -5*z. Let q be (z/(-4))/((-16)/192). Calculate the greatest common divisor of q and 24.
6
Let b = 446 + -17. What is the greatest common divisor of b and 33?
33
Let a = 226 - 224. Let p be ((-15)/a)/(0 + 24/(-32)). Suppose 0 = 2*f - 1 - 7. What is the greatest common divisor of p and f?
2
Suppose 6*l - 153 = 3291. What is the greatest common divisor of l and 28?
14
Let r = 1464 + -1200. Calculate the highest common factor of 66 and r.
66
Let z(p) = -p**2 - 9*p - 6. Let r be z(-6). Let y(t) = t**2 - 31*t - 264. Let i be y(-8). Calculate the greatest common divisor of r and i.
12
Let u(b) = 11*b**2 - b + 2. Let l = -6 - -4. Let w be u(l). Suppose 2*s + 53 - 65 = 0. What is the highest common factor of w and s?
6
Let l = 440 + -312. Let k be -4*4/l + 2114/16. Let r = 35 + -23. What is the greatest common divisor of r and k?
12
Let v = -291 - -624. Let s = v - 165. What is the greatest common factor of 24 and s?
24
Let g be 3 - (9 + (9 - 28)). Calculate the greatest common divisor of g and 13.
13
Suppose -2*t - 5*r = -123, 5*t - 142 = 4*r + 215. Let x = t - 55. What is the greatest common factor of 42 and x?
14
Let j be 2/(-12) + 9729/54. Calculate the highest common factor of 80 and j.
20
Suppose 4*v = 12, 3*v - 2 = 5*o - v. Suppose 0 = -3*d - o*r + 121, -4*r = 4*d - 2*r - 164. Calculate the highest common factor of d and 43.
43
Let c(q) = 8*q**3 - q**2 + q + 112. Let o be c(0). Calculate the greatest common factor of 256 and o.
16
Let u(b) = 12*b - 9. Let n be u(2). Let j be (2/(-4))/(2/(-12)). Calculate the highest common factor of j and n.
3
Let l be (12/(-7))/(1/(-7)). Suppose 5*j - 47 = -l. Calculate the greatest common divisor of j and 112.
7
Suppose -8*k = -80 - 1592. What is the greatest common factor of k and 55?
11
Let x(f) = -28*f**2 + f. Let j be x(1). Let t be (0 - 4)/(36/j). Suppose -3*r + 4*p = r - 92, -3*p = t*r - 69. What is the greatest common factor of 184 and r?
23
Suppose -3*w + 2*g - 996 = -0*w, -5*w - 1656 = -2*g. Let y be (14/(-35))/(2/w). What is the highest common factor of y and 99?
33
Let c(j) = 217*j + 1308. Let g be c(-6). Let i(k) = -2*k**3 - 1. Let o be i(-2). Calculate the greatest common factor of g and o.
3
Suppose 1329 = m + 5*v, -4*m - m = -v - 6723. What is the greatest common factor of m and 42?
42
Let j = 611 - 587. Calculate the highest common divisor of j and 876.
12
Let m(v) = -4*v**3 + v**2 + v + 2. Let a be m(-1). Let k = 20 + 22. Calculate the greatest common divisor of a and k.
6
Suppose 4*u - y - 1655 = 0, -41*y = 3*u - 46*y - 1220. What is the highest common divisor of 166 and u?
83
Let k = 284 + -252. Suppose -2*j = -j - 24. Let r be -3*2*j/(-3). Calculate the highest common divisor of k and r.
16
Suppose -24*n + 1050 = 18*n. Calculate the greatest common factor of n and 50.
25
Suppose -t = 3*b - 53, b = -5*t - 2*b + 277. What is the highest common factor of t and 182?
14
Let g(w) = -26*w - 73. Let h be g(-5). What is the greatest common factor of 76 and h?
19
Let c = 114 - 86. What is the greatest common factor of c and 196?
28
Suppose -4*c - 5*g + 84 = -g, 81 = 4*c + 3*g. What is the greatest common factor of c and 30?
6
Suppose 10 = 7*a - 2*a. Suppose 6 = -y + a*g, -4*y - 2*g - 18 + 4 = 0. Le